ime?
False
Is 12679915 prime?
False
Is 10249955 composite?
True
Is 8857 prime?
False
Is 4563863 composite?
False
Is 40304041 a prime number?
True
Is 203740487 a composite number?
True
Is 831361 a composite number?
False
Is 35713219 composite?
False
Is 435999671 composite?
True
Is 2315317 a prime number?
True
Is 7622423 composite?
False
Is 793213 prime?
False
Is 24739003 composite?
False
Is 149888833 a prime number?
False
Is 17820853 a composite number?
False
Is 163598 a prime number?
False
Is 906159 composite?
True
Is 746213329 a composite number?
False
Is 14491627 composite?
False
Is 8898661 a composite number?
True
Is 1858495 composite?
True
Is 4727357 a composite number?
True
Is 192056453 a composite number?
True
Is 5743213 a prime number?
False
Is 4286017 a composite number?
True
Is 1472396531 a composite number?
False
Is 2154641 prime?
True
Is 112995371 composite?
False
Is 95911 a prime number?
True
Is 32370433 a prime number?
False
Is 5571781 a prime number?
True
Is 4939927 prime?
False
Is 23923681 a prime number?
False
Is 14442251 a prime number?
True
Is 1743187 composite?
True
Is 111721963 a prime number?
True
Is 367090369 prime?
True
Is 16485037 a prime number?
True
Is 523259 composite?
True
Is 69183097 a prime number?
False
Is 583291 a prime number?
True
Is 20917849 composite?
False
Is 2061413 a prime number?
True
Is 15734561 prime?
True
Is 72070571 a composite number?
True
Is 456929 composite?
True
Is 11146277 composite?
False
Is 20310617 prime?
False
Is 565247 composite?
False
Is 45908287 a composite number?
False
Is 6254617 prime?
True
Is 6544315 composite?
True
Is 496079 a composite number?
False
Is 1414031 a composite number?
False
Is 4285753 a prime number?
True
Is 199526007 composite?
True
Is 1449191 composite?
False
Is 5545763 a composite number?
True
Is 79226639 composite?
True
Is 3145277 composite?
True
Is 1971799 composite?
False
Is 967319 composite?
False
Is 3584173 composite?
True
Is 72640091 a prime number?
True
Is 851927 prime?
False
Is 969403 a composite number?
False
Is 46964639 prime?
False
Is 1571099 a prime number?
False
Is 1450733 composite?
True
Is 43115573 a composite number?
False
Is 42064773 a composite number?
True
Is 128075527 a prime number?
False
Is 7741669 prime?
False
Is 1007393 a prime number?
False
Is 225247067 a composite number?
False
Is 10949089 composite?
False
Is 6437489 a composite number?
False
Is 60105053 a prime number?
False
Is 267259 prime?
True
Is 312421 a prime number?
False
Is 112393951 a prime number?
False
Is 47779369 composite?
True
Is 5625831 composite?
True
Is 80324515 prime?
False
Is 58772929 composite?
False
Is 1512607 a composite number?
False
Is 45649217 composite?
True
Is 217134035 a composite number?
True
Is 49416877 prime?
False
Is 2002093 a composite number?
False
Is 2670367 prime?
False
Is 9984665 composite?
True
Is 123877097 a prime number?
True
Is 58969 prime?
False
Is 1172593 composite?
True
Is 50211411 prime?
False
Is 187679911 a prime number?
True
Is 54164581 prime?
True
Is 2792987 a composite number?
False
Is 3664393 a prime number?
True
Is 8147707 composite?
True
Is 35051 a composite number?
False
Is 4313609 prime?
False
Is 1026348901 prime?
True
Is 1033055551 composite?
True
Is 3572011 a composite number?
True
Is 6328106 composite?
True
Is 279348193 a prime number?
True
Is 15657997 composite?
False
Is 67965199 a composite number?
False
Is 138825679 prime?
False
Is 14310469 a composite number?
True
Is 45350209 prime?
True
Is 1473903499 a composite number?
False
Is 7682933 a composite number?
True
Is 13806991 a prime number?
False
Is 16227329 composite?
True
Is 1546162 a composite number?
True
Is 58908917 prime?
False
Is 1091999 a prime number?
False
Is 4267087 a composite number?
True
Is 10863293 a prime number?
False
Is 7121621 a prime number?
False
Is 16089233 a composite number?
False
Is 2538203 prime?
True
Is 382228621 composite?
False
Is 5060221 a composite number?
False
Is 25732529 prime?
False
Is 16694989 a prime number?
True
Is 10066513 a composite number?
True
Is 11980981 composite?
False
Is 44742569 a composite number?
True
Is 39301 composite?
False
Is 3291833 a composite number?
True
Is 1909183 composite?
False
Is 25605673 composite?
True
Is 1415819 a composite number?
False
Is 2385949 a prime number?
False
Is 341540497 a prime number?
False
Is 172126847 prime?
True
Is 386411977 a prime number?
False
Is 59810453 composite?
False
Is 98825459 composite?
False
Is 12130973 composite?
False
Is 79614511 prime?
True
Is 29608687 a prime number?
True
Is 379427 a composite number?
True
Is 181153862 a prime number?
False
Is 220091 composite?
True
Is 138737003 a prime number?
False
Is 7423357 composite?
True
Is 16364419 a composite number?
False
Is 99460583 a composite number?
False
Is 224021605 a prime number?
False
Is 140175155 prime?
False
Is 7017587 prime?
False
Is 205346563 a prime number?
False
Is 1573603 a prime number?
True
Is 1072613 prime?
True
Is 49923023 prime?
False
Is 10369927 a prime number?
False
Is 4598411 prime?
False
Is 129377 prime?
False
Is 15718117 prime?
True
Is 977668393 prime?
False
Is 50547539 prime?
False
Is 282767 composite?
False
Is 7345889 a composite number?
False
Is 1183379 prime?
False
Is 741821 prime?
False
Is 29449799 a prime number?
False
Is 16925981 composite?
False
Is 8391893 composite?
False
Is 1557637 a prime number?
True
Is 801457 a prime number?
False
Is 3833027 a composite number?
True
Is 86140499 a composite number?
False
Is 4650013 a composite number?
True
Is 9021659 a prime number?
False
Is 2417257 a composite number?
True
Is 22401341 a prime number?
True
Is 1345081 a composite number?
True
Is 5510747 prime?
False
Is 309320138 a prime number?
False
Is 140589551 a prime number?
True
Is 199870535 composite?
True
Is 1050251 a composite number?
True
Is 78316697 a composite number?
False
Is 175221587 composite?
False
Is 71610794 composite?
True
Is 366677 prime?
True
Is 8463983 prime?
False
Is 36299377 prime?
True
Is 633870859 a composite number?
False
Is 66267959 a prime number?
True
Is 192779423 a composite number?
False
Is 93674333 a prime number?
False
Is 121105681 a composite number?
False
Is 305441 prime?
True
Is 10366817 a prime number?
True
Is 7960931 prime?
False
Is 1019323157 a composite number?
False
Is 29708501 a prime number?
False
Is 3769211 composite?
True
Is 247750621 a prime number?
True
Is 34716271 prime?
True
Is 624539 prime?
True
Is 4038821 composite?
True
Is 35776921 composite?
False
Is 2828447 composite?
True
Is 35874022 a composite number?
True
Is 1526191 composite?
False
Is 393721 prime?
True
Is 379798435 a composite number?
True
Is 60603857 a composite number?
True
Is 679433 composite?
False
Is 76462667 a composite number?
True
Is 1263601 a prime number?
False
Is 726745 prime?
False
Is 61319 prime?
False
Is 11531319 a composite number?
True
Is 156512287 a prime number?
False
Is 81363322 a prime number?
False
Is 25360633 a composite number?
False
Is 649777 a composite number?
False
Is 1924793 prime?
False
Is 2747179 prime?
True
Is 96964279 composite?
False
Is 268529693 a composite number?
False
Is 5331031 a composite number?
False
Is 5892617 prime?
True
Is 65441287 a composite number?
True
Is 12896113 composite?
True
Is 47613539 a prime number?
True
Is 78935 prime?
False
Is 65230397 a composite number?
False
Is 1177387 a composite number?
False
Is 746403557 prime?
True
Is 4130243 composite?
True
Is 12203137 a composite number?
False
Is 43388861 a composite number?
False
Is 87660163 prime?
True
Is 2351711 a prime number?
False
Is 64756337 a composite number?
True
Is 946279 prime?
False
Is 8874299 prime?
False
Is 516855173 a prime number?
True
Is 639487 a composite number?
False
Is 3892363 prime?
False
Is 20795617 prime?
False
Is 56568791 prime?
True
Is 531407 prime?
False
Is 27955693 a prime number?
True
Is 204666143 prime?
False
Is 441713 composite?
False
Is 5917613 composite?
True
Is 857539 prime?
True
Is 25146159 prime?
False
Is 643099 composite?
False
Is 32703317 a prime number?
False
Is 706993 a prime number?
False
Is 15256741 a composite number?
True
Is 50170691 prime?
True
Is 1598447 a composite number?
False
Is 285350467 composite?
False
Is 2877286 a prime number?
False
Is 1986683 a composite 